19
Suppose -y = 3*y - 328. What are the prime factors of y?
2, 41
Suppose 2*m - 38 = -3*m - 4*v, 2*m - 2*v - 8 = 0. Let t be (-6)/(3 + (-27)/m). Suppose -t = 4*x - 24. What are the prime factors of x?
5
Let d = 27 - 56. Let l = -19 - d. List the prime factors of l.
2, 5
Let w(f) be the second derivative of -f**5/120 + f**4/24 + f**3/3 - f. Let o(d) be the second derivative of w(d). List the prime factors of o(-3).
2
Suppose 3*s - 22 = 2*v, 5*v = -4*s - 0*v + 37. Suppose 3*h - 164 = -5*n, 5*n - 76 + s = -h. List the prime factors of h.
2, 3
Suppose -3 = 2*o + 45. Let i = 91 + o. Suppose -a + 3*k + 7 = 0, -i = -5*a - 0*k - k. What are the prime factors of a?
13
Let z(d) = d + 13. Let x be z(-11). Suppose 2*k + x*k = 84. List the prime factors of k.
3, 7
Suppose -2*w - 3*k + 90 = k, k - 155 = -3*w. What are the prime factors of w?
53
Suppose o + o = 10. Suppose -3 = o*k - 18. Suppose k*b - 16 = -b. What are the prime factors of b?
2
Let f(n) = n**2 - 2*n + 216. What are the prime factors of f(0)?
2, 3
Let b = -2 - -6. Suppose -q + 8 = -b. List the prime factors of q.
2, 3
Let g = -51 + 30. Let c = 29 + g. What are the prime factors of c?
2
Let f(y) = 19*y + 3. Let j be f(-2). Let z be 4/(-18) + j/45. Let x = 3 + z. List the prime factors of x.
2
Let b(w) = -w**2 + 8*w - 4. Let p be b(9). Let z = 4 - p. List the prime factors of z.
17
Let v = 17 + -12. Suppose -2*c = -v*t + 142, 40 + 39 = 3*t + 5*c. List the prime factors of t.
2, 7
Suppose -2*u = -3*u. Suppose -q + 5*q = 48. Suppose u = 4*i - a + 6 - 43, 0 = 4*a - q. List the prime factors of i.
2, 5
Let i be 2/(-13) + (-7974)/(-117). Suppose -3*m + i = -5*a - 2*m, 3*a + 3*m = -48. Let q = 28 + a. List the prime factors of q.
2, 7
Let b(z) = 5*z - 3. List the prime factors of b(4).
17
Let h(s) = -s - 9. Let d be h(-9). Suppose d = 4*v - 6*v + 8. List the prime factors of v.
2
Let y = -7 + 11. Suppose -119 = 2*v - 7*v + 2*k, -2*k - 94 = -y*v. List the prime factors of v.
5
Let d = -26 - 17. Let g = -29 - d. Suppose -2*z + 61 + 9 = 5*y, 0 = -y + z + g. What are the prime factors of y?
2, 7
Suppose 4*q = q. Suppose q = -s + 2*s - 2. Suppose 0 = 6*j - s*j - 16. What are the prime factors of j?
2
Let z = 619 - 418. What are the prime factors of z?
3, 67
Let a(g) = -12*g - 5. List the prime factors of a(-5).
5, 11
Let w(h) = -h**3 - 4*h**2 - 3*h + 4. Let a be w(-3). Suppose -a*v = 4*p + 4, -2*p - v = -0*p. Suppose -p = x - 4. List the prime factors of x.
3
Suppose -5*l + 161 = -79. Suppose 2*g = 2*k + l, g - 4*g - 5*k = -72. What are the prime factors of g?
2, 3
Let q(s) = s**2 - 9*s + 3. Suppose 2*a + 6 = -14. Let o be ((-4)/a)/((-2)/(-50)). What are the prime factors of q(o)?
13
Let n be (-676)/(-12) - 4/(-6). Suppose -5*x + 28 + n = 0. What are the prime factors of x?
17
Let q(s) = s**3 + s**2 - 2*s - 2. Let v be q(3). Suppose 0 = -2*x - 4*y + 14, x + 9 = 4*y + v. List the prime factors of x.
11
Let f(c) = -5*c + 9. What are the prime factors of f(-1)?
2, 7
Suppose -3*s + 5*w + 41 = 0, s + 0*w = -3*w - 5. What are the prime factors of 2/7 - (-103)/s?
3, 5
Let m be (-4)/(2*(0 - -1)). List the prime factors of (m/4)/((-1)/86).
43
Let j be ((-4)/(-5))/((-8)/(-20)). List the prime factors of 19/3 - j/(-3).
7
Let j(o) = o**2 + 6*o + 3. Let b be j(-6). Suppose n + 4 - 3 = 0. What are the prime factors of 1 + n - (-27)/b?
3
Suppose d + 6 = 4*y, -4*d - y + 6 = -2*y. Suppose j - 5*j - 4 = 3*a, -d*a - 2 = 3*j. Suppose m - 18 = -j*m. List the prime factors of m.
2, 3
Let x(p) = p**3 + 7*p**2 - 2*p + 8. What are the prime factors of x(-7)?
2, 11
Let k(u) = 4*u**2 + 3*u + 2. Suppose 6 = -3*n - 3. What are the prime factors of k(n)?
29
Let v(h) = 8*h**2 - 10*h + 27. What are the prime factors of v(5)?
3, 59
What are the prime factors of 37 + 2/(0 - -2)?
2, 19
Let w(b) = -5*b + 4. List the prime factors of w(-6).
2, 17
Suppose 2*z - 2*m + 0*m + 10 = 0, 5*z - 3*m = -17. List the prime factors of (-2)/((6/15)/z).
5
Suppose -v = -2*q + 5*q + 10, -5*v + q + 14 = 0. What are the prime factors of (4 - (0 - -2)) + v?
2
Let k(v) = -v**3 + 2*v**2 + v + 1. Suppose -8 = -g - g. Suppose 2*z + f = 7 - 1, g*z + f - 10 = 0. List the prime factors of k(z).
3
Suppose 2 = l + g, 3*g = -4*l + 7 + 4. Suppose x + 0*m = l*m + 16, -3*m = -2*x + 32. What are the prime factors of x?
2
Let m = 25 + 17. Suppose -9*y + 7*y = -m. List the prime factors of y.
3, 7
Let g(i) = i. Let p be g(3). Suppose -4*a + u = 18, 6 = -4*a + p*u - 8. Let w = 1 - a. What are the prime factors of w?
2, 3
Suppose 209 + 757 = 6*x. List the prime factors of x.
7, 23
Suppose 60 = 3*j - 117. What are the prime factors of j?
59
Let s(t) be the second derivative of t**4/12 - t**3/2 + t. Let h = -5 - -9. What are the prime factors of s(h)?
2
Suppose 0 = -6*n + 266 + 112. What are the prime factors of n?
3, 7
Suppose -2*w - 19 = -5*t + 23, -3*w = -4*t + 49. Let q = 15 + w. Let h = 11 - q. List the prime factors of h.
7
Let b = 2 + -2. Suppose b = 2*u + 2*u - 464. List the prime factors of u/10 + (-6)/10.
11
Suppose 3*r + 12 - 65 = d, -2*r - 2*d = -46. What are the prime factors of r?
19
Suppose -6 + 10 = 2*p. What are the prime factors of (p - -1) + 17 - -2?
2, 11
Let v(y) = y**3 + 5*y**2 - 3*y - 1. Let f be v(-4). Suppose 5*x - f = 33. List the prime factors of x.
2, 3
Suppose 0*i - 14 = 2*a - 2*i, 5*i = 3*a + 23. List the prime factors of (a + -2 + 2)/(-2).
3
What are the prime factors of (1/2 + -1)*-98?
7
Suppose -3*y + 2*o = -103 - 68, 4*y - 4*o - 228 = 0. What are the prime factors of y?
3, 19
Let c = -2 + 0. Let k = 8 + c. What are the prime factors of k?
2, 3
Suppose 0*r + 2*r - 8 = 0. Suppose 0 = r*y + 20, -12 + 32 = -b - 5*y. What are the prime factors of b?
5
Let c(f) = f + 1. Let g(p) = -p**2 - 3*p - 2. Let h(s) = -5*c(s) - 3*g(s). What are the prime factors of h(-3)?
2
Let a = -32 - -54. List the prime factors of a.
2, 11
Suppose -4*b + 3 = -13. Suppose -2*j + 28 = 5*m, -2*j + 3 = 4*m - 21. Suppose b*k - l - 7 = 22, 4*l + j = 0. List the prime factors of k.
7
Suppose -2*u + 3*u + 10 = -3*t, -4*t - 7 = -5*u. Let h = u + 9. Suppose -h = -2*z + 16. List the prime factors of z.
2, 3
Suppose 3*z = 3 + 15. Let h(g) = -3*g - 7. Let t(j) = -j + 1. Let d(c) = z*t(c) + h(c). What are the prime factors of d(-1)?
2
Suppose 8 = -2*w - 0*w. Let j = 0 - w. What are the prime factors of j?
2
Let u(c) = 31*c**3 + 2*c**2 - c. List the prime factors of u(1).
2
Let l be 22/6 + (-2)/(-6). Suppose -3 = -l*w - 4*s + 1, 6 = -3*s. What are the prime factors of w?
3
Let z(w) = -2*w - 3 + 0*w + 3*w + 5*w. Let i be z(4). Suppose i + 12 = 3*d. List the prime factors of d.
11
Suppose 3*q - 8 = -d, d - 5*q = 6*d - 30. Suppose 18 = 2*u + d*t - 36, -42 = -2*u + t. What are the prime factors of u?
2, 11
Let j(r) = 15*r + 9. Let a(l) be the third derivative of 7*l**4/24 + 2*l**3/3 + l**2. Let s(w) = 7*a(w) - 3*j(w). What are the prime factors of s(2)?
3
List the prime factors of (-47)/(-3)*(2 + 1).
47
Let z(g) = -2 + 2*g**2 + 6 + 5*g - 2*g**2 + g**2. Let j be z(-4). Suppose j = 2*s - 5*s + 24. What are the prime factors of s?
2
Let l = 3 + 4. What are the prime factors of (3 - l - -21) + 0?
17
Let r be 56/(-20) - 2/10. What are the prime factors of r + 2 - -6 - 0?
5
Suppose -4*f = -19 - 1. Let p be 8/5 + 2/f. What are the prime factors of p/8 - 45/(-12)?
2
Suppose 3*j = -6*j + 954. What are the prime factors of j?
2, 53
Let y = 2 - -3. Suppose -y*q = -z + 3, 0 = -5*z + q - 4*q + 15. What are the prime factors of -6*(1/3 - z)?
2
Let r(h) = 7*h + 4 + 21*h**2 - 9*h**2 + h**3 + 3*h. Suppose 4*n + 4*m + 44 = 0, 2*m = 2*n - 0*n + 22. List the prime factors of r(n).
3, 5
Let o be 0*(-2)/4*-1. Let v(l) = -5*l - 15. Let x be v(-4). Suppose -x*m + 3*m + 4 = o. What are the prime factors of m?
2
Suppose -g - 2 = -5. Suppose -d + 2*w = 0, -8 = d - w + g*w. What are the prime factors of (-11)/d - (-5)/20?
3
Let a(f) = -4*f - 15. List the prime factors of a(-12).
3, 11
List the prime factors of (-584)/(-9) + (-5)/(-45).
5, 13
Let r(s) = 2*s**2 + 13*s. Let l be r(-6). Suppose u - 3 = 6*u + j, 2*u = -j. What are the prime factors of (l - (-2 + u)) + 22?
19
Let k(i) = -i**3 - 5*i**2 - 3*i - 2. What are the prime factors of k(-5)?
13
Suppose -x + 5 - 1 = 0, -2*r + 134 = x. Let u = -46 + r. List the prime 